{"id":443,"date":"2019-06-24T10:53:52","date_gmt":"2019-06-24T08:53:52","guid":{"rendered":"https:\/\/fz-wattstrasse.pfefferwerk.de\/?page_id=443"},"modified":"2020-11-16T15:42:11","modified_gmt":"2020-11-16T14:42:11","slug":"spenden","status":"publish","type":"page","link":"https:\/\/fz-wattstrasse.pfefferwerk.de\/index.php\/spenden\/","title":{"rendered":"Spenden"},"content":{"rendered":"\t\t<div data-elementor-type=\"wp-page\" data-elementor-id=\"443\" class=\"elementor elementor-443\">\n\t\t\t\t\t\t<section class=\"elementor-section elementor-top-section elementor-element elementor-element-37a49c5 elementor-section-boxed elementor-section-height-default elementor-section-height-default\" data-id=\"37a49c5\" data-element_type=\"section\">\n\t\t\t\t\t\t<div class=\"elementor-container elementor-column-gap-default\">\n\t\t\t\t\t<div class=\"elementor-column elementor-col-100 elementor-top-column elementor-element elementor-element-c47f1e2\" data-id=\"c47f1e2\" data-element_type=\"column\">\n\t\t\t<div class=\"elementor-widget-wrap elementor-element-populated\">\n\t\t\t\t\t\t<div class=\"elementor-element elementor-element-de19a61 elementor-view-default elementor-widget elementor-widget-icon\" data-id=\"de19a61\" data-element_type=\"widget\" data-widget_type=\"icon.default\">\n\t\t\t\t<div class=\"elementor-widget-container\">\n\t\t\t\t\t\t\t<div class=\"elementor-icon-wrapper\">\n\t\t\t<div class=\"elementor-icon\">\n\t\t\t<i aria-hidden=\"true\" class=\"far fa-heart\"><\/i>\t\t\t<\/div>\n\t\t<\/div>\n\t\t\t\t\t\t<\/div>\n\t\t\t\t<\/div>\n\t\t\t\t\t<\/div>\n\t\t<\/div>\n\t\t\t\t\t<\/div>\n\t\t<\/section>\n\t\t\t\t<section class=\"elementor-section elementor-top-section elementor-element elementor-element-5b9162ef elementor-section-boxed elementor-section-height-default elementor-section-height-default\" data-id=\"5b9162ef\" data-element_type=\"section\">\n\t\t\t\t\t\t<div class=\"elementor-container elementor-column-gap-default\">\n\t\t\t\t\t<div class=\"elementor-column elementor-col-100 elementor-top-column elementor-element elementor-element-2b419b30\" data-id=\"2b419b30\" data-element_type=\"column\">\n\t\t\t<div class=\"elementor-widget-wrap elementor-element-populated\">\n\t\t\t\t\t\t<div class=\"elementor-element elementor-element-536b6861 elementor-widget elementor-widget-text-editor\" data-id=\"536b6861\" data-element_type=\"widget\" data-widget_type=\"text-editor.default\">\n\t\t\t\t<div class=\"elementor-widget-container\">\n\t\t\t\t\t\t\t\t\t<p><\/p>\n<p>Sie m\u00f6chten das Familienzentrum finanziell unterst\u00fctzen?<br \/>Wir sind dankbar f\u00fcr jede Geldspende!<br \/>Gerne stellt unser Tr\u00e4ger ihnen eine Spendenquittung aus, damit Sie ihre Hilfe in der Steuererkl\u00e4rung absetzen k\u00f6nnen.<\/p>\n<p><\/p>\n<p><\/p>\n<p>Spenden Sie an: <br \/>Pfefferwerk Stadtkultur gGmbH bei der Bank f\u00fcr Sozialwirtschaft Berlin AG <br \/>mit dem Stichwort &#8222;Familienzentrum Wattstra\u00dfe&#8220;<\/p>\n<p><\/p>\n<p><\/p>\n<p>IBAN: DE49100205000003066803 | BIC: BFSWDE33BER<\/p>\n<p><\/p>\n<p><\/p>\n<p><a href=\"https:\/\/fz-wattstrasse.pfefferwerk.de\">&lt;- Zur\u00fcck zur Startseite<\/a><\/p>\n<p><\/p>\t\t\t\t\t\t\t\t<\/div>\n\t\t\t\t<\/div>\n\t\t\t\t\t<\/div>\n\t\t<\/div>\n\t\t\t\t\t<\/div>\n\t\t<\/section>\n\t\t\t\t<\/div>\n\t\t","protected":false},"excerpt":{"rendered":"<p>Sie m\u00f6chten das Familienzentrum finanziell unterst\u00fctzen?Wir sind dankbar f\u00fcr jede Geldspende!Gerne stellt unser Tr\u00e4ger ihnen eine Spendenquittung aus, damit Sie ihre Hilfe in der Steuererkl\u00e4rung absetzen k\u00f6nnen. Spenden Sie an: &#8230; <a title=\"Spenden\" class=\"read-more\" href=\"https:\/\/fz-wattstrasse.pfefferwerk.de\/index.php\/spenden\/\" aria-label=\"Mehr Informationen \u00fcber Spenden\">Weiterlesen<\/a><\/p>\n","protected":false},"author":4,"featured_media":0,"parent":0,"menu_order":0,"comment_status":"closed","ping_status":"closed","template":"","meta":{"footnotes":""},"class_list":["post-443","page","type-page","status-publish"],"_links":{"self":[{"href":"https:\/\/fz-wattstrasse.pfefferwerk.de\/index.php\/wp-json\/wp\/v2\/pages\/443","targetHints":{"allow":["GET"]}}],"collection":[{"href":"https:\/\/fz-wattstrasse.pfefferwerk.de\/index.php\/wp-json\/wp\/v2\/pages"}],"about":[{"href":"https:\/\/fz-wattstrasse.pfefferwerk.de\/index.php\/wp-json\/wp\/v2\/types\/page"}],"author":[{"embeddable":true,"href":"https:\/\/fz-wattstrasse.pfefferwerk.de\/index.php\/wp-json\/wp\/v2\/users\/4"}],"replies":[{"embeddable":true,"href":"https:\/\/fz-wattstrasse.pfefferwerk.de\/index.php\/wp-json\/wp\/v2\/comments?post=443"}],"version-history":[{"count":8,"href":"https:\/\/fz-wattstrasse.pfefferwerk.de\/index.php\/wp-json\/wp\/v2\/pages\/443\/revisions"}],"predecessor-version":[{"id":1184,"href":"https:\/\/fz-wattstrasse.pfefferwerk.de\/index.php\/wp-json\/wp\/v2\/pages\/443\/revisions\/1184"}],"wp:attachment":[{"href":"https:\/\/fz-wattstrasse.pfefferwerk.de\/index.php\/wp-json\/wp\/v2\/media?parent=443"}],"curies":[{"name":"wp","href":"https:\/\/api.w.org\/{rel}","templated":true}]}}