{"id":375,"date":"2019-09-23T15:49:24","date_gmt":"2019-09-23T13:49:24","guid":{"rendered":"http:\/\/demo.athemes.com\/atu-health-coach\/?page_id=375"},"modified":"2026-03-31T10:34:50","modified_gmt":"2026-03-31T08:34:50","slug":"homepage","status":"publish","type":"page","link":"https:\/\/fz-wattstrasse.pfefferwerk.de\/","title":{"rendered":"Startseite"},"content":{"rendered":"\t\t<div data-elementor-type=\"wp-post\" data-elementor-id=\"375\" class=\"elementor elementor-375\">\n\t\t\t\t\t\t<section class=\"elementor-section elementor-top-section elementor-element elementor-element-a22db72 elementor-section-boxed elementor-section-height-default elementor-section-height-default\" data-id=\"a22db72\" data-element_type=\"section\">\n\t\t\t\t\t\t<div class=\"elementor-container elementor-column-gap-default\">\n\t\t\t\t\t<div class=\"elementor-column elementor-col-100 elementor-top-column elementor-element elementor-element-0d99d44\" data-id=\"0d99d44\" data-element_type=\"column\">\n\t\t\t<div class=\"elementor-widget-wrap elementor-element-populated\">\n\t\t\t\t\t\t<div class=\"elementor-element elementor-element-2997ef0 elementor-arrows-position-inside elementor-pagination-position-outside elementor-widget elementor-widget-image-carousel\" data-id=\"2997ef0\" data-element_type=\"widget\" data-settings=\"{&quot;slides_to_show&quot;:&quot;1&quot;,&quot;navigation&quot;:&quot;both&quot;,&quot;autoplay&quot;:&quot;yes&quot;,&quot;pause_on_hover&quot;:&quot;yes&quot;,&quot;pause_on_interaction&quot;:&quot;yes&quot;,&quot;autoplay_speed&quot;:5000,&quot;infinite&quot;:&quot;yes&quot;,&quot;effect&quot;:&quot;slide&quot;,&quot;speed&quot;:500}\" data-widget_type=\"image-carousel.default\">\n\t\t\t\t<div class=\"elementor-widget-container\">\n\t\t\t\t\t\t\t<div class=\"elementor-image-carousel-wrapper swiper\" role=\"region\" aria-roledescription=\"carousel\" aria-label=\"Bilderkarussell\" dir=\"ltr\">\n\t\t\t<div class=\"elementor-image-carousel swiper-wrapper\" aria-live=\"off\">\n\t\t\t\t\t\t\t\t<div class=\"swiper-slide\" role=\"group\" aria-roledescription=\"slide\" aria-label=\"1 von 1\"><figure class=\"swiper-slide-inner\"><img decoding=\"async\" class=\"swiper-slide-image\" src=\"https:\/\/fz-wattstrasse.pfefferwerk.de\/wp-content\/uploads\/2020\/02\/familienzentrumWattstra\u00dfeTitelbild.jpg\" alt=\"Fotograf: Andrei Schnell\" \/><\/figure><\/div>\t\t\t<\/div>\n\t\t\t\t\t<\/div>\n\t\t\t\t\t\t<\/div>\n\t\t\t\t<\/div>\n\t\t\t\t\t<\/div>\n\t\t<\/div>\n\t\t\t\t\t<\/div>\n\t\t<\/section>\n\t\t\t\t<section class=\"elementor-section elementor-top-section elementor-element elementor-element-12de173 elementor-section-boxed elementor-section-height-default elementor-section-height-default\" data-id=\"12de173\" data-element_type=\"section\">\n\t\t\t\t\t\t<div class=\"elementor-container elementor-column-gap-default\">\n\t\t\t\t\t<div class=\"elementor-column elementor-col-33 elementor-top-column elementor-element elementor-element-407f4ed\" data-id=\"407f4ed\" data-element_type=\"column\">\n\t\t\t<div class=\"elementor-widget-wrap elementor-element-populated\">\n\t\t\t\t\t\t<div class=\"elementor-element elementor-element-ce9d149 elementor-widget__width-initial elementor-position-top elementor-widget elementor-widget-image-box\" data-id=\"ce9d149\" data-element_type=\"widget\" data-widget_type=\"image-box.default\">\n\t\t\t\t<div class=\"elementor-widget-container\">\n\t\t\t\t\t<div class=\"elementor-image-box-wrapper\"><figure class=\"elementor-image-box-img\"><img fetchpriority=\"high\" decoding=\"async\" width=\"300\" height=\"225\" src=\"https:\/\/fz-wattstrasse.pfefferwerk.de\/wp-content\/uploads\/2021\/08\/20210805_100836-300x225.jpg\" class=\"attachment-medium size-medium wp-image-1443\" alt=\"\" srcset=\"https:\/\/fz-wattstrasse.pfefferwerk.de\/wp-content\/uploads\/2021\/08\/20210805_100836-300x225.jpg 300w, https:\/\/fz-wattstrasse.pfefferwerk.de\/wp-content\/uploads\/2021\/08\/20210805_100836-1024x768.jpg 1024w, https:\/\/fz-wattstrasse.pfefferwerk.de\/wp-content\/uploads\/2021\/08\/20210805_100836-768x576.jpg 768w, https:\/\/fz-wattstrasse.pfefferwerk.de\/wp-content\/uploads\/2021\/08\/20210805_100836-1536x1152.jpg 1536w, https:\/\/fz-wattstrasse.pfefferwerk.de\/wp-content\/uploads\/2021\/08\/20210805_100836-2048x1536.jpg 2048w\" sizes=\"(max-width: 300px) 100vw, 300px\" \/><\/figure><div class=\"elementor-image-box-content\"><h3 class=\"elementor-image-box-title\">FAMILIENZENTRUM WATTSTRASSE<\/h3><p class=\"elementor-image-box-description\">Unser Familienzentrum bietet Begegnung, Bildung und Beratung unter einem Dach. In Eltern-Kind-Gruppen, Gespr\u00e4chskreisen, Themenabenden und Elternworkshops erhalten Sie spannende Informationen rund um die F\u00f6rderung Ihres Kindes und Ihrer Familie, lernen andere Eltern kennen und k\u00f6nnen sich mit ihnen austauschen.\n\nIn unseren thematisch breit gef\u00e4cherten Kursen k\u00f6nnen Sie etwas f\u00fcr sich und Ihre Gesundheit tun, Ihre Sprachkenntnisse verbessern oder ihrer Kreativit\u00e4t freien Lauf lassen. Wir bieten Ihnen verschiedene Beratungsm\u00f6glichkeiten an und unterst\u00fctzen Sie bei Problemen gerne dabei, eine L\u00f6sung zu finden.\n\nIn unserem Familienzentrum erm\u00f6glichen und f\u00f6rdern wir ein lebendiges Miteinander der Kulturen. Kommen Sie vorbei und machen Sie sich selbst ein Bild! Wir freuen uns auf Sie!\n\n<\/p><\/div><\/div>\t\t\t\t<\/div>\n\t\t\t\t<\/div>\n\t\t\t\t\t<\/div>\n\t\t<\/div>\n\t\t\t\t<div class=\"elementor-column elementor-col-33 elementor-top-column elementor-element elementor-element-f063674\" data-id=\"f063674\" data-element_type=\"column\">\n\t\t\t<div class=\"elementor-widget-wrap elementor-element-populated\">\n\t\t\t\t\t\t<div class=\"elementor-element elementor-element-e1fb1f6 elementor-position-top elementor-widget elementor-widget-image-box\" data-id=\"e1fb1f6\" data-element_type=\"widget\" data-widget_type=\"image-box.default\">\n\t\t\t\t<div class=\"elementor-widget-container\">\n\t\t\t\t\t<div class=\"elementor-image-box-wrapper\"><figure class=\"elementor-image-box-img\"><img decoding=\"async\" width=\"940\" height=\"788\" src=\"https:\/\/fz-wattstrasse.pfefferwerk.de\/wp-content\/uploads\/2025\/09\/onstruction.png\" class=\"attachment-full size-full wp-image-2618\" alt=\"\" srcset=\"https:\/\/fz-wattstrasse.pfefferwerk.de\/wp-content\/uploads\/2025\/09\/onstruction.png 940w, https:\/\/fz-wattstrasse.pfefferwerk.de\/wp-content\/uploads\/2025\/09\/onstruction-300x251.png 300w, https:\/\/fz-wattstrasse.pfefferwerk.de\/wp-content\/uploads\/2025\/09\/onstruction-768x644.png 768w\" sizes=\"(max-width: 940px) 100vw, 940px\" \/><\/figure><div class=\"elementor-image-box-content\"><h3 class=\"elementor-image-box-title\">ACHTUNG: Webseite in Bearbeitung <br><\/h3><p class=\"elementor-image-box-description\">Liebe Familien,\nunsere Webseite wird umgebaut. Das bedeutet, dass nicht alle Informationen immer aktuell sind. Unsere Kontaktdaten sind und bleiben aktuell. Nur die Kurse, Veranstaltungen und das Wochenprogramm kann abweichen. Deswegen ruft uns an, schreibt uns eine E-mail oder schaut auf unser Instagram., wenn ihr interessiert an neuen Kursen oder Angeboten seid.\nWir freuen uns auf euch!\nEuer Team vom Familienzentrum Wattstrasse<\/p><\/div><\/div>\t\t\t\t<\/div>\n\t\t\t\t<\/div>\n\t\t\t\t\t<\/div>\n\t\t<\/div>\n\t\t\t\t<div class=\"elementor-column elementor-col-33 elementor-top-column elementor-element elementor-element-7596e98\" data-id=\"7596e98\" data-element_type=\"column\">\n\t\t\t<div class=\"elementor-widget-wrap elementor-element-populated\">\n\t\t\t\t\t\t<div class=\"elementor-element elementor-element-ad0a714 elementor-widget elementor-widget-html\" data-id=\"ad0a714\" data-element_type=\"widget\" data-widget_type=\"html.default\">\n\t\t\t\t<div class=\"elementor-widget-container\">\n\t\t\t\t\t<div id=\"right-sidebar\" class=\"widget-area sidebar is-right-sidebar\" itemtype=\"https:\/\/schema.org\/WPSideBar\" itemscope=\"\">\r\n\t<div class=\"inside-right-sidebar\">\r\n\t\t<aside id=\"text-9\" class=\"widget inner-padding widget_text\">\r\n\t\t\t<div class=\"textwidget\">\r\n\t\t\t\t<div class=\"ueberschrift\">\r\n\t\t\t\t\t<p>ADRESSE<\/p>\r\n\t\t\t\t<\/div>\r\n\t\t\t\t<p>Familienzentrum Wattstra\u00dfe<\/p>\r\n\t\t\t\t<p>Wattstra\u00dfe 16 | 13355 Berlin<\/p>\r\n\t\t\t\t<p>&nbsp;<\/p>\r\n\t\t\t\t<div class=\"ueberschrift\">\r\n\t\t\t\t\t<p>KONTAKT<\/p>\r\n\t\t\t\t<\/div>\r\n\t\t\t\t<p><strong>Leitung<\/strong><br>\r\n\t\t\t\t\tSelda Kara\u00e7ay<\/p>\r\n\t\t\t Fon: +49 30 44383 \u2013 345<\/p>\r\n\t\t\t\t<p>Mobil: +49 159 04625085<\/p>\r\n\t\t\t\t<p>Mail: fz-wattstrasse@pfefferwerk.de<\/p>\r\n\t\t\t\t<p>Sprechzeiten:<br>\r\n\t\t\t\t\tMittwochs 14 bis 17 Uhr<\/p>\r\n\t\t\t\t<p>Freitags 9 bis 12 Uhr<\/p>\r\n\t\t\t\r\n\t\t\t\t<p>&nbsp;<\/p>\r\n\t\t\t\t\r\n\t\t\t\t<div class=\"ueberschrift\">\r\n\t\t\t\t\t<p>ANFAHRT<\/p>\r\n\t\t\t\t<\/div>\r\n\r\n\t\t\t\t<p><code><img decoding=\"async\" src=\"https:\/\/upload.wikimedia.org\/wikipedia\/commons\/a\/a3\/U-Bahn.svg\" width=\"20px\"><\/code> U8 bis U-Bhf. Voltastra\u00dfe<\/p>\r\n\t\t\t\t<p><code><img decoding=\"async\" src=\"https:\/\/upload.wikimedia.org\/wikipedia\/commons\/thumb\/4\/42\/BUS-Logo.svg\/200px-BUS-Logo.svg.png\" width=\"20px\"><\/code> Linie 247 bis Usedomer Stra\u00dfe<\/p>\r\n\t\t\t<\/div>\r\n\t\t<\/aside>\r\n\t<\/div>\r\n<\/div>\r\n\t\t\t\t<\/div>\n\t\t\t\t<\/div>\n\t\t\t\t\t<\/div>\n\t\t<\/div>\n\t\t\t\t\t<\/div>\n\t\t<\/section>\n\t\t\t\t<section class=\"elementor-section elementor-top-section elementor-element elementor-element-5cc8d08 elementor-section-boxed elementor-section-height-default elementor-section-height-default\" data-id=\"5cc8d08\" data-element_type=\"section\">\n\t\t\t\t\t\t<div class=\"elementor-container elementor-column-gap-default\">\n\t\t\t\t\t<div class=\"elementor-column elementor-col-50 elementor-top-column elementor-element elementor-element-6dde651\" data-id=\"6dde651\" data-element_type=\"column\">\n\t\t\t<div class=\"elementor-widget-wrap elementor-element-populated\">\n\t\t\t\t\t\t<div class=\"elementor-element elementor-element-152ddb7 elementor-position-top elementor-widget elementor-widget-image-box\" data-id=\"152ddb7\" data-element_type=\"widget\" data-widget_type=\"image-box.default\">\n\t\t\t\t<div class=\"elementor-widget-container\">\n\t\t\t\t\t<div class=\"elementor-image-box-wrapper\"><figure class=\"elementor-image-box-img\"><img decoding=\"async\" width=\"614\" height=\"410\" src=\"https:\/\/fz-wattstrasse.pfefferwerk.de\/wp-content\/uploads\/2019\/10\/nachbarschaft.jpg\" class=\"attachment-full size-full wp-image-711\" alt=\"\" srcset=\"https:\/\/fz-wattstrasse.pfefferwerk.de\/wp-content\/uploads\/2019\/10\/nachbarschaft.jpg 614w, https:\/\/fz-wattstrasse.pfefferwerk.de\/wp-content\/uploads\/2019\/10\/nachbarschaft-300x200.jpg 300w\" sizes=\"(max-width: 614px) 100vw, 614px\" \/><\/figure><div class=\"elementor-image-box-content\"><h3 class=\"elementor-image-box-title\">BEGEGNUNG<br><\/h3><p class=\"elementor-image-box-description\">Das Familienzentrum ist ein Ort der Begegnung und der Mitgestaltung. Hier treffen sich Familien und die Nachbarschaft. Alle sind herzlich willkommen. Als offener Treffpunkt steht das Begegnungscaf\u00e9, f\u00fcr Sie zur Verf\u00fcgung.\n\nIm Begegnungscaf\u00e9 findet, wie der Name schon sagt, Begegnung statt.\n\nAlle Nachbar*innen aus dem Brunnenviertel sind eingeladen, als Besucher*innen und Ehrenamtliche diesen Raum f\u00fcr die Nachbarschaft zu nutzen und mitzugestalten.\n\nEs gibt wechselnde Angebote, die im Begegnungscaf\u00e9 stattfinden. \n\nJeden Freitag von 15:00-17:00 laden wir zum Beispiel zum Nachbarschaftscaf\u00e9 ein. Mittwochs findet w\u00f6chentlich von 10-13 Uhr das Interkulturelle Frauenfr\u00fchst\u00fcck statt. \n\nW\u00e4hrend der \u00d6ffnungszeiten des Begegnungscaf\u00e9s sind die Familien und Anwohner*innen aus dem Brunnenviertel herzlich eingeladen zum gem\u00fctlichen Verweilen in unserem Begegnungscaf\u00e9. Gegen eine kleine Spende k\u00f6nnen Sie eine Tasse Tee oder Kaffee genie\u00dfen.<\/p><\/div><\/div>\t\t\t\t<\/div>\n\t\t\t\t<\/div>\n\t\t\t\t\t<\/div>\n\t\t<\/div>\n\t\t\t\t<div class=\"elementor-column elementor-col-50 elementor-top-column elementor-element elementor-element-9e66e75\" data-id=\"9e66e75\" data-element_type=\"column\">\n\t\t\t<div class=\"elementor-widget-wrap elementor-element-populated\">\n\t\t\t\t\t\t<div class=\"elementor-element elementor-element-fa2a460 elementor-position-top elementor-widget elementor-widget-image-box\" data-id=\"fa2a460\" data-element_type=\"widget\" data-widget_type=\"image-box.default\">\n\t\t\t\t<div class=\"elementor-widget-container\">\n\t\t\t\t\t<div class=\"elementor-image-box-wrapper\"><figure class=\"elementor-image-box-img\"><a href=\"https:\/\/fz-wattstrasse.pfefferwerk.de\/index.php\/vermietung\/\" tabindex=\"-1\"><img loading=\"lazy\" decoding=\"async\" width=\"1195\" height=\"797\" src=\"https:\/\/fz-wattstrasse.pfefferwerk.de\/wp-content\/uploads\/2019\/10\/Raumvermietung.jpg\" class=\"attachment-full size-full wp-image-712\" alt=\"\" srcset=\"https:\/\/fz-wattstrasse.pfefferwerk.de\/wp-content\/uploads\/2019\/10\/Raumvermietung.jpg 1195w, https:\/\/fz-wattstrasse.pfefferwerk.de\/wp-content\/uploads\/2019\/10\/Raumvermietung-300x200.jpg 300w, https:\/\/fz-wattstrasse.pfefferwerk.de\/wp-content\/uploads\/2019\/10\/Raumvermietung-768x512.jpg 768w, https:\/\/fz-wattstrasse.pfefferwerk.de\/wp-content\/uploads\/2019\/10\/Raumvermietung-1024x683.jpg 1024w\" sizes=\"(max-width: 1195px) 100vw, 1195px\" \/><\/a><\/figure><div class=\"elementor-image-box-content\"><h3 class=\"elementor-image-box-title\"><a href=\"https:\/\/fz-wattstrasse.pfefferwerk.de\/index.php\/vermietung\/\">SERVICE<\/a><\/h3><p class=\"elementor-image-box-description\">Unsere R\u00e4ume k\u00f6nnen Sie f\u00fcr Seminare, Workshops, Elternversammlungen und Kindergeburtstage anmieten. Bitte wenden Sie sich mit Ihrer Anfrage per E-Mail an die Leitung des Familienzentrums.<\/p><\/div><\/div>\t\t\t\t<\/div>\n\t\t\t\t<\/div>\n\t\t\t\t\t<\/div>\n\t\t<\/div>\n\t\t\t\t\t<\/div>\n\t\t<\/section>\n\t\t\t\t<section class=\"elementor-section elementor-top-section elementor-element elementor-element-5337f34 elementor-section-boxed elementor-section-height-default elementor-section-height-default\" data-id=\"5337f34\" data-element_type=\"section\">\n\t\t\t\t\t\t<div class=\"elementor-container elementor-column-gap-default\">\n\t\t\t\t\t<div class=\"elementor-column elementor-col-100 elementor-top-column elementor-element elementor-element-d41f6f5\" data-id=\"d41f6f5\" data-element_type=\"column\">\n\t\t\t<div class=\"elementor-widget-wrap elementor-element-populated\">\n\t\t\t\t\t\t<div class=\"elementor-element elementor-element-20a2975 elementor-widget elementor-widget-heading\" data-id=\"20a2975\" data-element_type=\"widget\" data-widget_type=\"heading.default\">\n\t\t\t\t<div class=\"elementor-widget-container\">\n\t\t\t\t\t<h2 class=\"elementor-heading-title elementor-size-small\">Gef\u00f6rdert durch:<\/h2>\t\t\t\t<\/div>\n\t\t\t\t<\/div>\n\t\t\t\t\t<\/div>\n\t\t<\/div>\n\t\t\t\t\t<\/div>\n\t\t<\/section>\n\t\t\t\t<section class=\"elementor-section elementor-top-section elementor-element elementor-element-8553421 elementor-section-boxed elementor-section-height-default elementor-section-height-default\" data-id=\"8553421\" data-element_type=\"section\">\n\t\t\t\t\t\t<div class=\"elementor-container elementor-column-gap-default\">\n\t\t\t\t\t<div class=\"elementor-column elementor-col-20 elementor-top-column elementor-element elementor-element-fc8c57c\" data-id=\"fc8c57c\" data-element_type=\"column\">\n\t\t\t<div class=\"elementor-widget-wrap elementor-element-populated\">\n\t\t\t\t\t\t<div class=\"elementor-element elementor-element-a5000c2 elementor-widget elementor-widget-image\" data-id=\"a5000c2\" data-element_type=\"widget\" data-widget_type=\"image.default\">\n\t\t\t\t<div class=\"elementor-widget-container\">\n\t\t\t\t\t\t\t\t\t\t\t\t\t\t\t<img loading=\"lazy\" decoding=\"async\" width=\"210\" height=\"80\" src=\"https:\/\/fz-wattstrasse.pfefferwerk.de\/wp-content\/uploads\/2022\/04\/Jugendamt_mitte.jpg\" class=\"attachment-large size-large wp-image-1715\" alt=\"\" \/>\t\t\t\t\t\t\t\t\t\t\t\t\t\t\t<\/div>\n\t\t\t\t<\/div>\n\t\t\t\t\t<\/div>\n\t\t<\/div>\n\t\t\t\t<div class=\"elementor-column elementor-col-20 elementor-top-column elementor-element elementor-element-6770d49\" data-id=\"6770d49\" data-element_type=\"column\">\n\t\t\t<div class=\"elementor-widget-wrap elementor-element-populated\">\n\t\t\t\t\t\t<div class=\"elementor-element elementor-element-7d83c1f elementor-widget__width-initial elementor-widget elementor-widget-image\" data-id=\"7d83c1f\" data-element_type=\"widget\" data-widget_type=\"image.default\">\n\t\t\t\t<div class=\"elementor-widget-container\">\n\t\t\t\t\t\t\t\t\t\t\t\t\t\t\t<img loading=\"lazy\" decoding=\"async\" width=\"85\" height=\"49\" src=\"https:\/\/fz-wattstrasse.pfefferwerk.de\/wp-content\/uploads\/2021\/04\/Logo_neu_fruehe-Hilfen.png\" class=\"attachment-large size-large wp-image-1355\" alt=\"\" \/>\t\t\t\t\t\t\t\t\t\t\t\t\t\t\t<\/div>\n\t\t\t\t<\/div>\n\t\t\t\t\t<\/div>\n\t\t<\/div>\n\t\t\t\t<div class=\"elementor-column elementor-col-20 elementor-top-column elementor-element elementor-element-4deb7b3\" data-id=\"4deb7b3\" data-element_type=\"column\">\n\t\t\t<div class=\"elementor-widget-wrap elementor-element-populated\">\n\t\t\t\t\t\t<div class=\"elementor-element elementor-element-34bd771 elementor-widget__width-initial elementor-widget elementor-widget-image\" data-id=\"34bd771\" data-element_type=\"widget\" data-widget_type=\"image.default\">\n\t\t\t\t<div class=\"elementor-widget-container\">\n\t\t\t\t\t\t\t\t\t\t\t\t\t\t\t<img loading=\"lazy\" decoding=\"async\" width=\"360\" height=\"117\" src=\"https:\/\/fz-wattstrasse.pfefferwerk.de\/wp-content\/uploads\/2021\/04\/Logo_neu_fruehe-Hilfen-und-Bundesstiftung.png\" class=\"attachment-large size-large wp-image-1356\" alt=\"\" srcset=\"https:\/\/fz-wattstrasse.pfefferwerk.de\/wp-content\/uploads\/2021\/04\/Logo_neu_fruehe-Hilfen-und-Bundesstiftung.png 360w, https:\/\/fz-wattstrasse.pfefferwerk.de\/wp-content\/uploads\/2021\/04\/Logo_neu_fruehe-Hilfen-und-Bundesstiftung-300x98.png 300w\" sizes=\"(max-width: 360px) 100vw, 360px\" \/>\t\t\t\t\t\t\t\t\t\t\t\t\t\t\t<\/div>\n\t\t\t\t<\/div>\n\t\t\t\t\t<\/div>\n\t\t<\/div>\n\t\t\t\t<div class=\"elementor-column elementor-col-20 elementor-top-column elementor-element elementor-element-3524cc3\" data-id=\"3524cc3\" data-element_type=\"column\">\n\t\t\t<div class=\"elementor-widget-wrap elementor-element-populated\">\n\t\t\t\t\t\t<div class=\"elementor-element elementor-element-ec4ac4a elementor-widget__width-initial elementor-widget elementor-widget-image\" data-id=\"ec4ac4a\" data-element_type=\"widget\" data-widget_type=\"image.default\">\n\t\t\t\t<div class=\"elementor-widget-container\">\n\t\t\t\t\t\t\t\t\t\t\t\t\t\t\t<img loading=\"lazy\" decoding=\"async\" width=\"1024\" height=\"205\" src=\"https:\/\/fz-wattstrasse.pfefferwerk.de\/wp-content\/uploads\/2024\/01\/B_BA_MI_Logo_DE_H_PW_RGB-002-1024x205.png\" class=\"attachment-large size-large wp-image-2200\" alt=\"\" srcset=\"https:\/\/fz-wattstrasse.pfefferwerk.de\/wp-content\/uploads\/2024\/01\/B_BA_MI_Logo_DE_H_PW_RGB-002-1024x205.png 1024w, https:\/\/fz-wattstrasse.pfefferwerk.de\/wp-content\/uploads\/2024\/01\/B_BA_MI_Logo_DE_H_PW_RGB-002-300x60.png 300w, https:\/\/fz-wattstrasse.pfefferwerk.de\/wp-content\/uploads\/2024\/01\/B_BA_MI_Logo_DE_H_PW_RGB-002-768x154.png 768w, https:\/\/fz-wattstrasse.pfefferwerk.de\/wp-content\/uploads\/2024\/01\/B_BA_MI_Logo_DE_H_PW_RGB-002-1536x307.png 1536w, https:\/\/fz-wattstrasse.pfefferwerk.de\/wp-content\/uploads\/2024\/01\/B_BA_MI_Logo_DE_H_PW_RGB-002-2048x410.png 2048w\" sizes=\"(max-width: 1024px) 100vw, 1024px\" \/>\t\t\t\t\t\t\t\t\t\t\t\t\t\t\t<\/div>\n\t\t\t\t<\/div>\n\t\t\t\t\t<\/div>\n\t\t<\/div>\n\t\t\t\t<div class=\"elementor-column elementor-col-20 elementor-top-column elementor-element elementor-element-dea8d21\" data-id=\"dea8d21\" data-element_type=\"column\">\n\t\t\t<div class=\"elementor-widget-wrap elementor-element-populated\">\n\t\t\t\t\t\t<div class=\"elementor-element elementor-element-7d4b377 elementor-widget elementor-widget-image\" data-id=\"7d4b377\" data-element_type=\"widget\" data-widget_type=\"image.default\">\n\t\t\t\t<div class=\"elementor-widget-container\">\n\t\t\t\t\t\t\t\t\t\t\t\t\t\t\t<img loading=\"lazy\" decoding=\"async\" width=\"595\" height=\"296\" src=\"https:\/\/fz-wattstrasse.pfefferwerk.de\/wp-content\/uploads\/2024\/01\/logo_cmyk_rot-aktuell06-23.png\" class=\"attachment-large size-large wp-image-2198\" alt=\"\" srcset=\"https:\/\/fz-wattstrasse.pfefferwerk.de\/wp-content\/uploads\/2024\/01\/logo_cmyk_rot-aktuell06-23.png 595w, https:\/\/fz-wattstrasse.pfefferwerk.de\/wp-content\/uploads\/2024\/01\/logo_cmyk_rot-aktuell06-23-300x149.png 300w\" sizes=\"(max-width: 595px) 100vw, 595px\" \/>\t\t\t\t\t\t\t\t\t\t\t\t\t\t\t<\/div>\n\t\t\t\t<\/div>\n\t\t\t\t\t<\/div>\n\t\t<\/div>\n\t\t\t\t\t<\/div>\n\t\t<\/section>\n\t\t\t\t<\/div>\n\t\t","protected":false},"excerpt":{"rendered":"<p>FAMILIENZENTRUM WATTSTRASSE Unser Familienzentrum bietet Begegnung, Bildung und Beratung unter einem Dach. In Eltern-Kind-Gruppen, Gespr\u00e4chskreisen, Themenabenden und Elternworkshops erhalten Sie spannende Informationen rund um die F\u00f6rderung Ihres Kindes und Ihrer &#8230; <a title=\"Startseite\" class=\"read-more\" href=\"https:\/\/fz-wattstrasse.pfefferwerk.de\/\" aria-label=\"Mehr Informationen \u00fcber Startseite\">Weiterlesen<\/a><\/p>\n","protected":false},"author":4,"featured_media":0,"parent":0,"menu_order":0,"comment_status":"closed","ping_status":"closed","template":"","meta":{"footnotes":""},"class_list":["post-375","page","type-page","status-publish"],"_links":{"self":[{"href":"https:\/\/fz-wattstrasse.pfefferwerk.de\/index.php\/wp-json\/wp\/v2\/pages\/375","targetHints":{"allow":["GET"]}}],"collection":[{"href":"https:\/\/fz-wattstrasse.pfefferwerk.de\/index.php\/wp-json\/wp\/v2\/pages"}],"about":[{"href":"https:\/\/fz-wattstrasse.pfefferwerk.de\/index.php\/wp-json\/wp\/v2\/types\/page"}],"author":[{"embeddable":true,"href":"https:\/\/fz-wattstrasse.pfefferwerk.de\/index.php\/wp-json\/wp\/v2\/users\/4"}],"replies":[{"embeddable":true,"href":"https:\/\/fz-wattstrasse.pfefferwerk.de\/index.php\/wp-json\/wp\/v2\/comments?post=375"}],"version-history":[{"count":422,"href":"https:\/\/fz-wattstrasse.pfefferwerk.de\/index.php\/wp-json\/wp\/v2\/pages\/375\/revisions"}],"predecessor-version":[{"id":2645,"href":"https:\/\/fz-wattstrasse.pfefferwerk.de\/index.php\/wp-json\/wp\/v2\/pages\/375\/revisions\/2645"}],"wp:attachment":[{"href":"https:\/\/fz-wattstrasse.pfefferwerk.de\/index.php\/wp-json\/wp\/v2\/media?parent=375"}],"curies":[{"name":"wp","href":"https:\/\/api.w.org\/{rel}","templated":true}]}}